e the highest common factor of 40 and h.
40
Let t = 9 - 4. Let p(j) = j + 1. Let u be p(0). Calculate the highest common factor of t and u.
1
Let s = -8 - -16. Let b be ((-42)/s)/((-3)/16). What is the highest common divisor of b and 7?
7
Let y be (-1)/(3055/765 + -4). What is the greatest common factor of 17 and y?
17
Let w = 24 + -7. Calculate the greatest common factor of w and 51.
17
Suppose -4*d + 105 + 35 = -y, 4*d - 4*y = 128. Let b be ((-18)/(-1))/(1 + 0). Calculate the greatest common divisor of d and b.
18
Suppose 128 = 2*o - 4*o. Let d = 136 + o. What is the greatest common factor of d and 9?
9
Let m be 5/4*(-1 - -13). Let r be (-60)/(-8)*18/m. Calculate the greatest common divisor of 27 and r.
9
Let m = 46 + -26. Let w(v) = v**3 - v**2 + v + 20. Let z be w(0). Calculate the highest common divisor of m and z.
20
Let u be (1 - -28)*1 - -2. Suppose -5*w = -29 - u. Suppose 2*v - 3*k + 3 = 0, 5*v + 4 = 2*k + 24. Calculate the highest common divisor of w and v.
6
Let u(p) = -p**3 - 15*p**2 - 14*p - 1. Let h be u(-15). Calculate the greatest common divisor of 19 and h.
19
Suppose -5*c = -10 - 20. Suppose 0 = j + 10*s - 5*s - 27, j = -2*s + 36. What is the highest common factor of c and j?
6
Let j(p) = -p + 3. Let c be j(4). Let w be 25 + -1 + (c - -1). Let r = 48 - -12. What is the highest common divisor of r and w?
12
Suppose -i + 55 = 4*i. Let y = i + -9. Suppose -2*j = -10 - y. What is the highest common factor of j and 15?
3
Suppose -13*t = -9*t - 132. Calculate the highest common factor of t and 11.
11
Let u(q) = 26*q**2 + 10*q + 14. Let a be u(-2). Calculate the greatest common divisor of a and 42.
14
Suppose 49 = 2*f + 3*q, 3*f - 4*f - 5*q + 14 = 0. Calculate the highest common divisor of 203 and f.
29
Suppose 4*i - 3*d = 41 + 10, 56 = 5*i + 4*d. Suppose -4 = -n + 20. Calculate the highest common factor of n and i.
12
Let p = -62 + 104. Suppose 2*j + 0*j = p. Suppose 0*n - n + 5*t + 1 = 0, 5*t - j = -n. What is the highest common divisor of n and 55?
11
Suppose 4*z - 56 = 88. What is the highest common factor of z and 9?
9
Let v(x) = -2*x + 14. Let c be v(0). Calculate the highest common divisor of c and 7.
7
Suppose 9*z + 142 - 439 = 0. What is the greatest common factor of 44 and z?
11
Suppose 0 = -18*y + 12*y + 108. What is the highest common factor of y and 12?
6
Let r = -4 + 6. Suppose 0*z + r*z = 20. Calculate the highest common factor of 20 and z.
10
Suppose -4*a + 26 = -2*q, 7*a - 2*a = -4*q. Suppose -3*n + t + 2*t = -201, a*n = -3*t + 254. What is the greatest common factor of 26 and n?
13
Let g = -16 + 25. Calculate the greatest common divisor of 9 and g.
9
Let c = 5 + 13. Let m = c + -11. Suppose 112 = v + 3*v. Calculate the greatest common factor of m and v.
7
Let u = 30 + -17. What is the highest common divisor of 1 and u?
1
Let m be (-6 - -3)*(-8)/3. Suppose 0 = -f + 18 + m. Let s be ((-195)/(-20))/((-43)/(-20) - 2). What is the greatest common factor of s and f?
13
Let w(s) = 2*s**2 + 4*s - 7. Let o be w(7). Let z be -34*(-3)/12*2. What is the greatest common divisor of z and o?
17
Suppose 3*j + 4 + 20 = 3*n, 3*n - j - 34 = 0. Let p = -8 + n. Let d(q) = -q**2 + 7*q. Let a be d(p). Calculate the highest common divisor of a and 50.
10
Let a = 44 - -46. Let q be ((-3)/3)/((-2)/a). Calculate the greatest common divisor of q and 30.
15
Let v(o) = -o + 32. Let w be v(0). Suppose -a = 1, h - 7*a - 15 = -2*a. Suppose 3*c - 14 = h. Calculate the highest common divisor of c and w.
8
Suppose 0 = -2*o - 64 + 108. What is the greatest common divisor of o and 110?
22
Suppose -3*j = 3*c, -c = 6 - 2. Suppose 0 = j*h + 9 - 1. Let q = 17 - h. Calculate the greatest common factor of q and 57.
19
Suppose -d + 60 = 20. Calculate the greatest common divisor of d and 8.
8
Suppose t - 2 = -4. Let u be 6/(-12)*4/t. Calculate the highest common factor of 4 and u.
1
Let r = 13 + -10. Suppose 0 = r*z - 2 + 8, -2*z = s - 3. Calculate the greatest common divisor of 7 and s.
7
Suppose -3*a = -28 + 1. Suppose -67 - 5 = -2*h. What is the highest common factor of a and h?
9
Let o be 24/9*(-27)/(-4). Calculate the highest common factor of 45 and o.
9
Let s = -27 + 31. Let r be (-2)/(-6) - (-141)/9. Calculate the highest common divisor of r and s.
4
Let i be ((-12)/5)/((-12)/30). Calculate the highest common factor of 2 and i.
2
Let u(d) = -d + 7. Let y be u(6). Let h(q) = 4*q - 12 - 5*q + 3*q + q. Let r be h(5). What is the greatest common divisor of y and r?
1
Let x(q) = -3*q - 3*q**2 - 11 - q**3 - 4*q**2 + 5. Let t be x(-7). What is the highest common divisor of t and 5?
5
Let m be (-3 - 112)*4/(-20). Let a = m + -22. Let x be 3 + 1*-2 - -6. What is the highest common divisor of a and x?
1
Let r(s) = s**3 + 6*s**2 + s - 6. Let b be r(-5). Suppose -w = -0*w + 5*l - b, -2*l - 28 = -2*w. Let v = -8 + w. What is the greatest common factor of 3 and v?
3
Suppose -366 = -3*i - 6*g + 2*g, 2*i + g = 249. Let z be 26/6 - (-3)/(-9). Suppose 9*w = z*w + 70. What is the highest common factor of w and i?
14
Suppose 5*o - 220 = 20. Suppose -2*u + o = -0*u. Let h(y) = y**3 + 15*y**2 - 18*y - 16. Let r be h(-16). What is the highest common divisor of u and r?
8
Let l be 8/1*9/12. Suppose 0 = -3*w - 4*v + 56, -v + 12 = w + 2*v. Calculate the greatest common divisor of l and w.
6
Let h be (17 - -3) + (2 - 0). Suppose 0 = -3*y + 246 + 216. What is the greatest common factor of h and y?
22
Let j(i) = 2*i - 77*i**3 - 4*i - 3*i**2 + 2*i**2 + i. Let b be j(-1). What is the highest common factor of b and 7?
7
Let p(n) = n**3 + 7*n**2 - 7*n + 6. Let j be p(-7). Calculate the highest common factor of j and 22.
11
Suppose -5*g - 2*d + 60 = 0, 0*d - 35 = -2*g - 3*d. Let a = g - 5. Let q be (0 - -1)*(-4 + a). What is the highest common factor of q and 8?
1
Let d(c) = 2*c**2 + 4*c - 4. Let h be d(2). Let n be 113 + (-1 - h/(-4)). Let t be 4/(-6)*(-138)/4. What is the greatest common factor of t and n?
23
Let y be 4 - -1*(-2 - -7). What is the highest common factor of y and 18?
9
Let f(l) = 469*l**2 + 2*l + 1. Let s be f(-1). Suppose -2*g = 2*g - s. What is the greatest common divisor of g and 13?
13
Let k(l) = -4*l + 10. Let t be k(-2). What is the greatest common divisor of t and 9?
9
Let v be ((-1)/(-2))/((-3)/(-36)). Calculate the greatest common factor of v and 48.
6
Let c(m) = m**3 + 9*m**2 + 8. Let t be c(-9). Let b(p) = p**3 - 5*p**2 - 3. Let w be b(t). Calculate the greatest common divisor of w and 21.
21
Let v = 14 + -8. Let n = 8 + -6. Suppose -3*m + 2*j = n*m - 28, m - j - 5 = 0. What is the highest common factor of m and v?
6
Suppose 0 = -2*g + 2*d, 4*g + 0*d - 9 = d. Let f = -63 - -75. Calculate the greatest common divisor of f and g.
3
Let z = -14 + 29. Calculate the greatest common divisor of z and 30.
15
Suppose -5*c = 6*l - 2*l - 49, 58 = 5*l + 3*c. Let u be 88/(-16)*(-5 + -1). Calculate the highest common divisor of u and l.
11
Let n be (1 - 4)*64/(-12). Calculate the highest common factor of n and 88.
8
Let b = 40 + -37. Calculate the highest common divisor of 2 and b.
1
Let i = -2 - -6. Suppose i*t - 468 = -0*t. What is the greatest common divisor of 13 and t?
13
Let s(y) = -2*y**3 + 2*y**2 + y + 2. Let u be s(-2). What is the highest common factor of 60 and u?
12
Suppose 3*v - 46 = 17. What is the highest common divisor of 7 and v?
7
Suppose 13*m = 118 + 25. What is the greatest common divisor of m and 22?
11
Let z be -5*-2*1 - 0. Let r = -26 - -29. Let h be (-7)/(r/(-3))*z. What is the greatest common factor of h and 10?
10
Let s = -23 - -43. Suppose -3*d + 14 = 4*n - 7, 3*d - n - 21 = 0. Let r = s - d. Calculate the greatest common divisor of r and 65.
13
Let k = -49 - -61. Let x = -25 - -37. Calculate the highest common factor of x and k.
12
Suppose -7*h - 46 = -2*h + 4*o, -o = 2*h + 16. Let c = h - -30. Calculate the highest common divisor of c and 60.
12
Suppose -y = -0 - 5. Suppose -y*r = -0*r - 165. What is the greatest common factor of r and 11?
11
Suppose 0 = -2*w - 0*w. Let g(n) = n**3 - n**2 - n + 45. Let j be g(w). Let p = -17 - -35. Calculate the highest common factor of j and p.
9
Let d(g) = -3*g**2 + 6*g - 3. Let q be d(4). Suppose 2*j + 2*j + 90 = 2*f, j + 3 = 0. Let v = f + q. What is the highest common divisor of v and 108?
12
Let v(n) 